ors of 7314267?
3, 17, 173, 829
List the prime factors of 33113291.
33113291
What are the prime factors of 2768420?
2, 5, 149, 929
What are the prime factors of 139296?
2, 3, 1451
What are the prime factors of 216773?
239, 907
What are the prime factors of 178808?
2, 7, 31, 103
What are the prime factors of 13678287?
3, 7, 651347
What are the prime factors of 996934?
2, 498467
List the prime factors of 462601.
73, 6337
List the prime factors of 244888.
2, 7, 4373
What are the prime factors of 361135?
5, 72227
What are the prime factors of 999713?
11, 13, 6991
What are the prime factors of 497704?
2, 62213
What are the prime factors of 2310015?
3, 5, 154001
List the prime factors of 797631.
3, 97, 2741
What are the prime factors of 206385?
3, 5, 13759
What are the prime factors of 1871802?
2, 3, 17, 2039
What are the prime factors of 3856123?
3856123
List the prime factors of 8346016.
2, 7, 19, 37, 53
What are the prime factors of 511496?
2, 17, 3761
List the prime factors of 3956248.
2, 149, 3319
What are the prime factors of 547010?
2, 5, 19, 2879
What are the prime factors of 7015968?
2, 3, 17, 1433
What are the prime factors of 11549136?
2, 3, 240607
What are the prime factors of 3304014?
2, 3, 7, 97, 811
List the prime factors of 59160.
2, 3, 5, 17, 29
What are the prime factors of 2736402?
2, 3, 23, 79, 251
What are the prime factors of 204361?
204361
List the prime factors of 4029723.
3, 149249
What are the prime factors of 4399821?
3, 17, 149, 193
What are the prime factors of 23588693?
2927, 8059
What are the prime factors of 620425?
5, 13, 23, 83
What are the prime factors of 415414?
2, 53, 3919
List the prime factors of 11799695.
5, 83, 28433
What are the prime factors of 628443?
3, 69827
What are the prime factors of 3202824?
2, 3, 133451
What are the prime factors of 1257322?
2, 11, 67, 853
What are the prime factors of 1301990?
2, 5, 130199
List the prime factors of 8535308.
2, 37, 101, 571
List the prime factors of 11546830.
2, 5, 41, 28163
List the prime factors of 3248765.
5, 13, 151, 331
What are the prime factors of 3238017?
3, 1079339
What are the prime factors of 183646?
2, 91823
List the prime factors of 198000.
2, 3, 5, 11
What are the prime factors of 20265?
3, 5, 7, 193
What are the prime factors of 77419?
77419
What are the prime factors of 2568148?
2, 11, 58367
List the prime factors of 245546.
2, 7, 17539
List the prime factors of 20972.
2, 7, 107
List the prime factors of 3075677.
11, 279607
List the prime factors of 2025873.
3, 17, 13241
List the prime factors of 311602.
2, 155801
What are the prime factors of 2042002?
2, 1021001
What are the prime factors of 6729047?
13, 517619
List the prime factors of 45807.
3, 15269
What are the prime factors of 605241?
3, 7, 13, 739
List the prime factors of 1093803.
3, 364601
What are the prime factors of 1196020?
2, 5, 7, 8543
List the prime factors of 1069260.
2, 3, 5, 71, 251
List the prime factors of 519649.
13, 71, 563
What are the prime factors of 13488115?
5, 937, 2879
What are the prime factors of 1191750?
2, 3, 5, 7, 227
What are the prime factors of 11947437?
3, 857, 1549
What are the prime factors of 5539247?
7, 791321
List the prime factors of 341764.
2, 43, 1987
List the prime factors of 199192.
2, 7, 3557
List the prime factors of 390990.
2, 3, 5, 13033
List the prime factors of 68889.
3, 22963
What are the prime factors of 1693695?
3, 5, 112913
List the prime factors of 1387290.
2, 3, 5, 131, 353
What are the prime factors of 677312?
2, 19, 557
List the prime factors of 1102132.
2, 379, 727
What are the prime factors of 86565?
3, 5, 29, 199
What are the prime factors of 1389925?
5, 53, 1049
What are the prime factors of 9756796?
2, 7, 348457
What are the prime factors of 368587?
197, 1871
List the prime factors of 3012514.
2, 1506257
List the prime factors of 459774.
2, 3, 7, 41, 89
List the prime factors of 151494.
2, 3, 7, 3607
What are the prime factors of 829056?
2, 3, 17, 127
What are the prime factors of 5248792?
2, 809, 811
What are the prime factors of 710777?
710777
List the prime factors of 102832.
2, 6427
List the prime factors of 431554.
2, 47, 4591
List the prime factors of 506394.
2, 3, 7, 4019
What are the prime factors of 63372?
2, 3, 5281
What are the prime factors of 522135?
3, 5, 41, 283
What are the prime factors of 526904?
2, 7, 97
What are the prime factors of 116357?
23, 5059
What are the prime factors of 12975479?
11, 1179589
What are the prime factors of 2948942?
2, 277, 5323
List the prime factors of 9892615.
5, 1978523
What are the prime factors of 12461335?
5, 41, 89, 683
List the prime factors of 122005.
5, 13, 1877
What are the prime factors of 522365?
5, 104473
What are the prime factors of 7952118?
2, 3, 47, 163, 173
List the prime factors of 186368.
2, 7, 13
What are the prime factors of 1710855?
3, 5, 19, 23, 29
List the prime factors of 8913559.
17, 37, 383
What are the prime factors of 340751?
41, 8311
What are the prime factors of 10564435?
5, 7, 301841
What are the prime factors of 2832302?
2, 11, 17, 7573
What are the prime factors of 901781?
901781
What are the prime factors of 904726?
2, 452363
List the prime factors of 9877590.
2, 3, 5, 109751
List the prime factors of 882952.
2, 7, 15767
What are the prime factors of 1054289?
17, 62017
List the prime factors of 1446416.
2, 90401
List the prime factors of 430291.
229, 1879
What are the prime factors of 202819?
127, 1597
What are the prime factors of 89744?
2, 71, 79
What are the prime factors of 1316633?
17, 41, 1889
What are the prime factors of 53996?
2, 13499
What are the prime factors of 11897424?
2, 3, 7, 11, 29, 37
List the prime factors of 3102577.
293, 10589
List the prime factors of 749167.
749167
What are the prime factors of 8660834?
2, 7, 13, 23, 2069
List the prime factors of 102149.
102149
List the prime factors of 7289090.
2, 5, 17, 53, 809
What are the prime factors of 199480?
2, 5, 4987
List the prime factors of 91626.
2, 3, 15271
List the prime factors of 4520299.
7, 92251
List the prime factors of 3540733.
7, 505819
What are the prime factors of 1623555?
3, 5, 109, 331
What are the prime factors of 12933595?
5, 2586719
List the prime factors of 95221.
7, 61, 223
What are the prime factors of 1835944?
2, 11, 31, 673
What are the prime factors of 17771?
13, 1367
What are the prime factors of 9517164?
2, 3, 863, 919
What are the prime factors of 115011?
3, 13, 983
What are the prime factors of 4676527?
19, 246133
List the prime factors of 834746.
2, 11, 19, 1997
List the prime factors of 2352177.
3, 261353
List the prime factors of 365960.
2, 5, 7, 1307
What are the prime factors of 33703603?
31, 631, 1723
List the prime factors of 39661096.
2, 29, 170953
What are the prime factors of 275675?
5, 11027
What are the prime factors of 671542?
2, 335771
List the prime factors of 445794.
2, 3, 191, 389
What are the prime factors of 11638427?
11638427
List the prime factors of 714514.
2, 19, 18803
List the prime factors of 245105.
5, 7, 47, 149
List the prime factors of 1702897.
7, 23, 1511
What are the prime factors of 2261406?
2, 3, 7, 23, 2341
What are the prime factors of 860249?
13, 66173
List the prime factors of 204805.
5, 40961
What are the prime factors of 188374?
2, 97, 971
List the prime factors of 211529.
37, 5717
What are the prime factors of 14561931?
3, 97, 163, 307
List the prime factors of 88957.
11, 8087
List the prime factors of 2102370.
2, 3, 5, 70079
What are the prime factors of 382650?
2, 3, 5, 2551
List the prime factors of 584481.
3, 194827
What are the prime factors of 266835?
3, 5, 17789
What are the prime factors of 4153217?
4153217
What are the prime factors of 613915?
5, 199, 617
List the prime factors of 826668.
2, 3, 22963
List the prime factors of 11442619.
139, 191, 431
What are the prime factors of 3036634?
2, 661, 2297
List the prime factors of 8207939.
47, 174637
What are the prime factors of 484631?
7, 69233
What are the prime factors of 5714107?
7, 109, 7489
List the prime factors of 359701.
359701
What are the prime factors of 537568?
2, 107, 157
List the prime factors of 172185.
3, 5, 13, 883
What are the prime factors of 333878?
2, 139, 1201
What are the prime factors of 141024?
2, 3, 13, 113
List the prime factors